{"id":7140,"date":"2022-09-05T16:41:35","date_gmt":"2022-09-05T16:41:35","guid":{"rendered":"https:\/\/www.consultassanteria.com\/wordpress\/?post_type=product&#038;p=7140"},"modified":"2025-02-10T11:41:09","modified_gmt":"2025-02-10T11:41:09","slug":"consulta-con-orunla-no-europa","status":"publish","type":"product","link":"https:\/\/www.consultassanteria.com\/wordpress\/producto\/consulta-con-orunla-no-europa\/","title":{"rendered":"Consulta con Orunla (no EUR)"},"content":{"rendered":"<figure id=\"attachment_1574\" aria-describedby=\"caption-attachment-1574\" style=\"width: 300px\" class=\"wp-caption alignnone\"><img loading=\"lazy\" decoding=\"async\" src=\"https:\/\/www.consultassanteria.com\/wordpress\/wp-content\/uploads\/consulta-babalawo-300x283.jpg\" alt=\"Consultas de Santer\u00eda con un Babalawo\" width=\"300\" height=\"283\" class=\"size-medium wp-image-1574\" srcset=\"https:\/\/www.consultassanteria.com\/wordpress\/wp-content\/uploads\/consulta-babalawo-300x283.jpg 300w, https:\/\/www.consultassanteria.com\/wordpress\/wp-content\/uploads\/consulta-babalawo-350x330.jpg 350w, https:\/\/www.consultassanteria.com\/wordpress\/wp-content\/uploads\/consulta-babalawo.jpg 486w\" sizes=\"auto, (max-width: 300px) 100vw, 300px\" \/><figcaption id=\"caption-attachment-1574\" class=\"wp-caption-text\">Consultas de Santer\u00eda con un Babalawo<\/figcaption><\/figure>Consulta con Orunla<\/p>\n","protected":false},"excerpt":{"rendered":"\n<p>Consultas con el Or\u00e1culo de Ifa, en mis consultas no hago preguntas para averiguarte nada, ni dejo que me cuentes nada, primero te digo en qu\u00e9 circunstancias te encuentras en estos momentos y te digo mediante el Or\u00e1culo que te recomiendan para mejorar tu situaci\u00f3n.<\/p>\n<p>Consultas extensas de unos 40 minutos, pueden ser telef\u00f3nicas, por Messenger, Yahoo o Skype .<\/p>\n<p>Trabajos de todo tipo, pareja, trabajo, salud, econom\u00eda, amuletos personalizados\u2026<\/p>\n<p>Si deseas m\u00e1s informaci\u00f3n puedes ponerte en contacto conmigo a trav\u00e9s de mi p\u00e1gina web www.consultassanteria.com o llam\u00e1ndome a los n\u00fameros 91.244.12.08 \u00f3 663.30.74.69.<\/p>\n","protected":false},"featured_media":3487,"comment_status":"open","ping_status":"closed","template":"","meta":[],"product_brand":[],"product_cat":[23297,23352],"product_tag":[23344,23343,23345],"class_list":{"0":"post-7140","1":"product","2":"type-product","3":"status-publish","4":"has-post-thumbnail","6":"product_cat-consulta-santeria","7":"product_cat-world","8":"product_tag-consulta-de-santeria","9":"product_tag-consulta-santeria","10":"product_tag-santeria-cubana-consulta","12":"first","13":"instock","14":"featured","15":"virtual","16":"purchasable","17":"product-type-simple"},"acf":[],"_links":{"self":[{"href":"https:\/\/www.consultassanteria.com\/wordpress\/wp-json\/wp\/v2\/product\/7140","targetHints":{"allow":["GET"]}}],"collection":[{"href":"https:\/\/www.consultassanteria.com\/wordpress\/wp-json\/wp\/v2\/product"}],"about":[{"href":"https:\/\/www.consultassanteria.com\/wordpress\/wp-json\/wp\/v2\/types\/product"}],"replies":[{"embeddable":true,"href":"https:\/\/www.consultassanteria.com\/wordpress\/wp-json\/wp\/v2\/comments?post=7140"}],"wp:featuredmedia":[{"embeddable":true,"href":"https:\/\/www.consultassanteria.com\/wordpress\/wp-json\/wp\/v2\/media\/3487"}],"wp:attachment":[{"href":"https:\/\/www.consultassanteria.com\/wordpress\/wp-json\/wp\/v2\/media?parent=7140"}],"wp:term":[{"taxonomy":"product_brand","embeddable":true,"href":"https:\/\/www.consultassanteria.com\/wordpress\/wp-json\/wp\/v2\/product_brand?post=7140"},{"taxonomy":"product_cat","embeddable":true,"href":"https:\/\/www.consultassanteria.com\/wordpress\/wp-json\/wp\/v2\/product_cat?post=7140"},{"taxonomy":"product_tag","embeddable":true,"href":"https:\/\/www.consultassanteria.com\/wordpress\/wp-json\/wp\/v2\/product_tag?post=7140"}],"curies":[{"name":"wp","href":"https:\/\/api.w.org\/{rel}","templated":true}]}}